{"id":94,"date":"2014-07-31T21:24:01","date_gmt":"2014-07-31T21:24:01","guid":{"rendered":"https:\/\/colegiosanluisrey.edu.ar\/?page_id=94"},"modified":"2019-05-22T10:17:11","modified_gmt":"2019-05-22T13:17:11","slug":"historia","status":"publish","type":"page","link":"https:\/\/colegiosanluisrey.edu.ar\/?page_id=94","title":{"rendered":"Historia"},"content":{"rendered":"<h2 style=\"text-align: center;\"><em>Rese\u00f1a Hist\u00f3rica del Colegio San Luis Rey<br \/>\n<\/em><\/h2>\n<p style=\"text-align: justify;\"><span style=\"color: #000000;\">EL 26 de Abril de 1958 con doce alumnos, bajo la Direcci\u00f3n de la Sra. Judith\u00a0 S. de Abdala, inicia\u00a0 sus actividades\u00a0 la Secci\u00f3n Pre-escolar del colegio, que durante 2 a\u00f1os llevo el nombre\u00a0 de\u00a0 Jard\u00edn de Infantes\u00a0 \u201cPinocho\u201d.<\/span><br \/>\n<span style=\"color: #000000;\"> Con el Benepl\u00e1cito del Sr. Obispo de San Luis, Monse\u00f1or Emilio Di Pascuo, el d\u00eda\u00a0 28 de marzo de 1960 abre sus puertas el Colegio San Luis Rey\u00a0 Primario, promovido por la inquietud de padres de familias cat\u00f3licas puntanas.<\/span><br \/>\n<span style=\"color: #000000;\"> <em><strong>\u201cQue la luz del Divino Maestro llegue a todos los ni\u00f1os\u201d<\/strong><\/em> fue el lema del colegio que inicio su camino bajo\u00a0 la advocaci\u00f3n y protecci\u00f3n del Santo Patrono de la Provincia, San Luis Rey de Francia.<\/span><br \/>\n<span style=\"color: #000000;\"> El ciclo Primario es exclusivamente\u00a0 para varones y la Direcci\u00f3n le fue confiada a la Sta. Mar\u00eda Estela Garro acompa\u00f1ada\u00a0 por la Vicedirectora Sra. Jacinta Miranda de\u00a0 Migliozzi, actuando ambas ad\u00a0 honorem.<\/span><br \/>\n<span style=\"color: #000000;\"> Este colegio tiene como\u00a0 objetivo fundamental: formar una aut\u00e9ntica comunidad educativa donde Cristo reine. Formar j\u00f3venes\u00a0 con\u00a0 personalidades integras\u00a0 definidos como cat\u00f3licos sin horizontes inciertos, responsables, comprometidos ante Dios\u00a0 y su\u00a0 Iglesia, frente a\u00a0 la comunidad y\u00a0 frente a s\u00ed mismos. Una Piedad Eucar\u00edstica y Mariana, ser\u00e1 el centro de la espiritualidad.<\/span><br \/>\n<span style=\"color: #000000;\"> Inicio sus actividades en un solar ubicado en calle\u00a0 Mitre\u00a0 al\u00a0 591 de esta ciudad, recibiendo a\u00a0 50 alumnos distribuidos\u00a0 en Primer Grado inferior y Primer grado Superior, dirigido por las siguientes maestras: Srtas.\u00a0 Nelly Mercau, Nelly Funes, Eleonora Garro Baca, Nora Sosa Reboyras, Delia del Carmen Ord\u00f3\u00f1ez, Stella Dirse Miranda Bona, Ana Mar\u00eda Di Gennaro y Elsa Andrada.<\/span><\/p>\n<p style=\"text-align: justify;\"><span style=\"color: #000000;\">En 1974 se traslado el colegio al edificio\u00a0 propio de la calle Jun\u00edn 1176, donado por\u00a0 Don Humberto Gangiano por expresa voluntad de su Sra. Esposa\u00a0 Josefina\u00a0 de Cangiano.<\/span><\/p>\n<p style=\"text-align: justify;\"><span style=\"color: #000000;\">En el a\u00f1o 1978, por gesti\u00f3n de Monse\u00f1or Juan Rodolfo Laise, personal\u00a0 y alumnado de la parte primaria\u00a0 se traslad\u00f3 al edificio de Colon\u00a0 733 para brindar m\u00e1s comodidad a los\u00a0 250 inscriptos.<\/span><br \/>\n<span style=\"color: #000000;\"> En ese a\u00f1o es designado Representante Legal del\u00a0 Colegio, el Vicario\u00a0 para la Educaci\u00f3n, Presb\u00edtero Jos\u00e9 Miguel Padilla.<\/span><br \/>\n<span style=\"color: #000000;\"> En el a\u00f1o\u00a0 1979\u00a0 asume como Directora la docente\u00a0 Sra. Margarita\u00a0 C. De Fourcade\u00a0 y como Vicedirectora la Sra. Rosa\u00a0 Centeno de Zambrano.<\/span><br \/>\n<span style=\"color: #000000;\"> El 1 de Abril de 1986 asumen las nuevas autoridades: Directora la Sra. Estela del R.L Urquiza de Osorio, como vicedirectora la docente\u00a0 Sra. Jacinta Frangie de Garro.<\/span><\/p>\n<p style=\"text-align: justify;\"><span style=\"color: #000000;\">En el a\u00f1o 1986 es creado el\u00a0 Colegio San Luis Rey Secundario, se concreta as\u00ed el esfuerzo de la Uni\u00f3n de Padres del Colegio Primario para lograr que sus hijos cursaran en una misma escuela sus estudios secundarios y completar as\u00ed, un todo formativo y coherente, con la formaci\u00f3n integral, intelectual y espiritual, elegida por ellos para sus hijos, bajo el lema <strong>\u00abA la Luz del Divino Maestro Formando Dirigentes Cat\u00f3licos\u00bb<\/strong><\/span><br \/>\n<span style=\"color: #000000;\"> El\u00a0 31 de marzo de 1986 se inaugur\u00f3 el ciclo lectivo secundario, siendo Representante Legal el Padre Jos\u00e9 Miguel Padilla, Rectora la Sra. Liliana\u00a0 Olivera Aguirre de\u00a0 Mu\u00f1iz, secretaria la Sra. Ana Perenau de Fern\u00e1ndez, Director de Estudios el Doctor Sr. Fernando Jos\u00e9 Pacci.<\/span><\/p>\n<p style=\"text-align: justify;\"><span style=\"color: #000000;\">En 1987 el jard\u00edn de infantes San Luis Rey, funciona con Direcci\u00f3n propia asumiendo en dicho cargo la Sra. Ang\u00e9lica S. De Marone.<a href=\"https:\/\/colegiosanluisrey.edu.ar\/wp-content\/uploads\/2019\/05\/09e5610a241699c460836579f428d351.png\"><img loading=\"lazy\" decoding=\"async\" class=\" wp-image-15920 alignright\" src=\"https:\/\/colegiosanluisrey.edu.ar\/wp-content\/uploads\/2019\/05\/09e5610a241699c460836579f428d351.png\" alt=\"\" width=\"263\" height=\"523\" srcset=\"https:\/\/colegiosanluisrey.edu.ar\/wp-content\/uploads\/2019\/05\/09e5610a241699c460836579f428d351.png 500w, https:\/\/colegiosanluisrey.edu.ar\/wp-content\/uploads\/2019\/05\/09e5610a241699c460836579f428d351-151x300.png 151w\" sizes=\"(max-width: 263px) 100vw, 263px\" \/><\/a><\/span><\/p>\n<p style=\"text-align: justify;\"><span style=\"color: #000000;\">En el a\u00f1o 1990, por solicitud expresa de los padres del Colegio San Luis Rey, que quer\u00edan que sus hijas se formaran en el mismo esp\u00edritu\u00a0 el Colegio con sus autoridades\u00a0 gestionan y concretan la fundaci\u00f3n del Colegio Santa Mar\u00eda,\u00a0 el 12 de marzo de 1990<\/span><\/p>\n<p style=\"text-align: justify;\"><span style=\"color: #000000;\">En el a\u00f1o\u00a0 2001 se hace cargo de la Di\u00f3cesis\u00a0 Monse\u00f1or\u00a0 Jorge Luis Lona y se firma un convenio entre la Universidad Cat\u00f3lica de Cuyo y el Obispado, por el cual el Colegio San Luis Rey\u00a0 y el Colegio\u00a0 Santa Mar\u00eda pasan a depender de dicha alta casa de estudio, e integr\u00e1ndonos as\u00ed al Proyecto Educativo de la Universidad Cat\u00f3lica de Cuyo.<\/span><\/p>\n<p style=\"text-align: justify;\"><span style=\"color: #000000;\">En la Actualidad es\u00a0 <em><strong>Representante\u00a0 Legal del Colegio San Luis Rey<\/strong><\/em> de todos los niveles la Prof. Sra. Silvana Gamizo <\/span><\/p>\n<p style=\"text-align: justify;\"><span style=\"color: #000000;\"><strong>El Nivel Inicial<\/strong> funciona\u00a0 en\u00a0 Jun\u00edn 1176,<\/span><br \/>\n<span style=\"color: #000000;\"> Directora:\u00a0 Prof.\u00a0 Silvana Gamizo.<\/span><br \/>\n<span style=\"color: #000000;\"> Vice-Directora: Prof. Silvina Costa<\/span><\/p>\n<p style=\"text-align: justify;\"><span style=\"color: #000000;\"><strong>El Nivel Primario<\/strong> San Luis Rey\u00a0 funciona\u00a0 en la calle Sarmiento\u00a0 864,\u00a0 <\/span><br \/>\n<span style=\"color: #000000;\"> Directora: Lic. Claudia E. Pedernera,<\/span><br \/>\n<span style=\"color: #000000;\"> Vice Director: Lic. Gabriel Felipe Gonzalez<\/span><br \/>\n<span style=\"color: #000000;\"> Asesora Pedag\u00f3gica: Prof. Clarisa Viviana Vallejo de Caruso.<\/span><\/p>\n<p style=\"text-align: justify;\"><span style=\"color: #000000;\"><strong>El Nivel Secundario<\/strong>\u00a0 San Luis Rey\u00a0 funciona en la calle Felipe Vel\u00e1squez 471\u00a0 Sede de la UCC.<\/span><br \/>\n<span style=\"color: #000000;\">Es Rectora la Profesora<\/span><span style=\"color: #000000;\">\u00a0Clarisa Viviana Vallejo de Caruso<\/span>.<\/p>\n","protected":false},"excerpt":{"rendered":"<p>Rese\u00f1a Hist\u00f3rica del Colegio San Luis Rey EL 26 de Abril de 1958 con doce alumnos, bajo la Direcci\u00f3n de la Sra. Judith\u00a0 S. de Abdala, inicia\u00a0 sus actividades\u00a0 la Secci\u00f3n Pre-escolar del colegio, que durante 2 a\u00f1os llevo el nombre\u00a0 de\u00a0 Jard\u00edn de Infantes\u00a0 \u201cPinocho\u201d. Con el Benepl\u00e1cito del Sr. Obispo de San Luis, [&hellip;]<\/p>\n","protected":false},"author":1,"featured_media":0,"parent":0,"menu_order":0,"comment_status":"closed","ping_status":"open","template":"","meta":{"footnotes":""},"class_list":["post-94","page","type-page","status-publish","hentry"],"_links":{"self":[{"href":"https:\/\/colegiosanluisrey.edu.ar\/index.php?rest_route=\/wp\/v2\/pages\/94"}],"collection":[{"href":"https:\/\/colegiosanluisrey.edu.ar\/index.php?rest_route=\/wp\/v2\/pages"}],"about":[{"href":"https:\/\/colegiosanluisrey.edu.ar\/index.php?rest_route=\/wp\/v2\/types\/page"}],"author":[{"embeddable":true,"href":"https:\/\/colegiosanluisrey.edu.ar\/index.php?rest_route=\/wp\/v2\/users\/1"}],"replies":[{"embeddable":true,"href":"https:\/\/colegiosanluisrey.edu.ar\/index.php?rest_route=%2Fwp%2Fv2%2Fcomments&post=94"}],"version-history":[{"count":0,"href":"https:\/\/colegiosanluisrey.edu.ar\/index.php?rest_route=\/wp\/v2\/pages\/94\/revisions"}],"wp:attachment":[{"href":"https:\/\/colegiosanluisrey.edu.ar\/index.php?rest_route=%2Fwp%2Fv2%2Fmedia&parent=94"}],"curies":[{"name":"wp","href":"https:\/\/api.w.org\/{rel}","templated":true}]}}